rime factors of m?
1669
Let l = -10 + 6. Let f(m) = -m**3 - 7*m**2 - 11*m - 34. Let r be f(-6). List the prime factors of (271/l + 1/r)*-2.
2, 17
Suppose 0 = i - 4, -w = 2*i + 1841 - 301. Let a be (w/42)/((-12)/56). Suppose 47*h - 51*h + a = 0. List the prime factors of h.
43
Let z(w) = 10*w**2 + 39*w + 318. What are the prime factors of z(-29)?
71, 107
Let z = -53 + 58. Suppose -55*t + 54*t = -z. Suppose -t*y = -157 + 27. What are the prime factors of y?
2, 13
Let m(u) = -5*u**3 + 31*u**2 + 21*u + 52. Let i(n) = -12*n**3 + 62*n**2 + 43*n + 105. Let z(d) = 2*i(d) - 5*m(d). What are the prime factors of z(32)?
2, 3, 61
Let p(h) = h**3 + 8*h**2 - 29*h + 3. Let z be p(-10). Suppose z*c = 92*c + 127. List the prime factors of c.
127
Let c(u) be the first derivative of u**4/2 - 8*u**3/3 + 7. Let h be c(4). Suppose h = -3*v + 9*v - 498. List the prime factors of v.
83
Let r(b) = b**3 - 11*b**2 - 8*b + 7. Let y be r(10). Let g = 40 - y. List the prime factors of g.
3, 71
Suppose -25*l - c - 27609 = -26*l, -8*l - 2*c + 220922 = 0. What are the prime factors of l?
2, 13807
Let o = 30 - 22. Let b(r) = -o*r + 16 + 17 - 11. What are the prime factors of b(-8)?
2, 43
Suppose -27 = -4*p - 15. Suppose -p*v - g + 1688 = 0, -5*v + 5*g + 2800 = 10*g. List the prime factors of v.
2, 3, 47
Suppose 0 = -11*k + 15*k - 116. Suppose 2*y + 5*m = 19, y + y - 5*m - k = 0. Let x = y + 103. List the prime factors of x.
5, 23
Let c be (-1)/(20/(-2 + -2) + 4). Let f be ((-32)/(-24))/(c/(-219)) + 3. List the prime factors of (10 - 8) + (-2 + 1 - f).
2, 5, 29
Let v(l) = 144*l - 181. Let m = -947 + 957. List the prime factors of v(m).
1259
Suppose -v + 2*u + 5 = -2, -5*v + 67 = -2*u. Suppose -12*o - 12 = -v*o. What are the prime factors of 4 + -1 + o/1 + 12?
19
List the prime factors of (-53289213)/(-2655) + 8/(-30).
20071
Suppose 0 = 4*k - 4*p - 73360, 5*p - 1356 = -1396. List the prime factors of k.
2, 4583
Suppose -112309 = -50*u + 41*u + 128630. List the prime factors of u.
19, 1409
Suppose 124*v - 1424736 = 92*v. List the prime factors of v.
3, 17, 97
Let q = 20 - 17. Let z be (-3)/(-6)*(-2 - 6) - -132. Let m = q + z. List the prime factors of m.
131
Let y(r) = 2*r**2 - 4*r - 4. Let i be y(-1). List the prime factors of (-1636)/(-8) + (-1)/i.
2, 3, 17
Suppose 32*u = 38552 - 20704 + 61896. What are the prime factors of u?
2, 7, 89
Suppose 0 = u - 11*r + 9*r + 6, -2*r = 5*u - 18. Suppose -3*a + 957 = 3*m, -11*a - u*m - 304 = -12*a. What are the prime factors of a?
2, 157
Let x(q) = q**3 - 10*q**2 + 12*q - 2. Let z be 1/2*120/6. Let o be x(z). Let c = o - 33. What are the prime factors of c?
5, 17
Let y(g) = -3*g + 9. Let m be y(2). Suppose m*t = 233 + 1048. What are the prime factors of t?
7, 61
Let o be (6/21)/(8/112). Suppose 5*j - 11*f = -9*f + o, j + f - 5 = 0. Suppose -5*q = j*c - 413, -c - 320 = -3*q - q. List the prime factors of q.
3
Let g = -1040 - -11858. List the prime factors of g.
2, 3, 601
Suppose 17776 - 68860 = -27*v. Let l = v + -1064. What are the prime factors of l?
2, 3, 23
Let s = -1044 - -3768. List the prime factors of ((-3)/2)/(4 - 10902/s).
3, 227
What are the prime factors of -255082*1/(-4) + -3 + (-132)/(-24)?
63773
Let v(a) = 28*a - 17. Let j(m) = -m**2 - 1. Let k(i) = 5*i**2 - 15*i + 14. Let l(u) = -4*j(u) - k(u). Let n be l(14). List the prime factors of v(n).
5, 19
List the prime factors of 7988/6 - 9/((-351)/26).
2, 3, 37
Suppose 181136 + 180999 = 67*v. List the prime factors of v.
5, 23, 47
Let u(j) be the third derivative of 7*j**4/12 - 5*j**3/2 + 5*j**2. Suppose 4*m - 24 = 2*d, d = -3*m - d + 18. List the prime factors of u(m).
3, 23
Let c(i) = i**2 - i - 11. Let o be c(3). Let m(v) = -69*v - 4. List the prime factors of m(o).
11, 31
Suppose -5*q - 13 = -3, 5*h - 30 = 5*q. Suppose -a + a = -h*a. Suppose a = -3*n - 15, -5*n + 2*n = 3*i - 456. What are the prime factors of i?
157
Let n = 88 + -89. Let f(t) = 598*t**2 + t + 2. List the prime factors of f(n).
599
Suppose -402*m - 623625 = -427*m. What are the prime factors of m?
3, 5, 1663
Suppose -3*a + 27951 = -4*z, 4*a = 2*a + 2*z + 18634. What are the prime factors of (-4)/(-12) - a/(-21)?
2, 3, 37
Let c(a) = -804*a + 17. Let q be c(-4). Suppose 806 = w + 3*g, -2*w - 2*w - 3*g + q = 0. What are the prime factors of w?
809
Suppose -43913 = -23*i + 202509. Suppose 7*k + 2125 - i = 0. What are the prime factors of k?
3, 409
Let j = -383 + 419. List the prime factors of 61384/j - (-4)/(-36).
5, 11, 31
Let t = -2324 - -2332. Let c = 2523 - 951. Suppose -14*w = -t*w - c. What are the prime factors of w?
2, 131
Suppose 0 = 14*z - 14 - 14. Suppose 1608 = z*o + 4*j, 4*o - 2*j = -j + 3252. What are the prime factors of o?
2, 7, 29
Let p(f) = -f**3 + 15*f**2 - 13*f - 12. Suppose 216*q + 8 = 220*q. Let z be q/12 + 249/18. List the prime factors of p(z).
2
Let l(j) = -j**2 + 14*j + 14. Let v be l(13). Suppose -2*p + 161 + v = 0. What are the prime factors of p?
2, 47
Suppose 16 = -2*a - 4*x, -a + 3*x = 7*x + 16. Suppose b - 4*b + 3 = a. What are the prime factors of (-30)/10 - (-88 + b)?
2, 3, 7
Suppose -11*m + 369 = -203. Suppose -5*w - 30 = 2*j, -4*j - w - m = 44. Let q = 95 - j. List the prime factors of q.
2, 3, 5
Suppose n + 23 = 114*n - 429. Let y = 1 - 1. Suppose n*k - 15 - 1 = y. What are the prime factors of k?
2
Let v be 3 - ((-55)/45 - 8/(-36)). Let d = v - -126. What are the prime factors of d?
2, 5, 13
Let j(m) = -m**3 + 41*m**2 + 9*m - 131. List the prime factors of j(39).
2, 7, 233
Let l = -31 - -35. Suppose 6*j + l*j - 3850 = 0. Suppose -4*f - f - 5*i = -j, -3*i + 69 = f. List the prime factors of f.
3
Let q(u) = -u**3 + 5*u**2 + u - 3. Let p be q(5). Suppose 2*k = -3*g + 35, p*g + 4*k - 5 = g. Let o = 46 + g. List the prime factors of o.
59
Let y(c) = -17811*c + 1008. List the prime factors of y(-2).
2, 3, 5, 11, 37
Let h(p) = p**3 + 45*p**2 + 122*p - 118. What are the prime factors of h(-34)?
2, 5, 13
Suppose -5*g + 59424 = 4*q, -10*g = -12*g - 2*q + 23768. What are the prime factors of g?
2, 743
Let p be (32/(-12) - -4)/((-1)/(-3)). Let x be ((-8)/6)/(p*4/48). List the prime factors of 598/14 - x/14 - 1.
2, 3, 7
Let l(n) = 2*n + 6724. List the prime factors of l(-101).
2, 3, 1087
Let f be (-3 - (3 - -86))/(16 - 18). Suppose -2191 = 43*p - f*p - 4*w, 5*w = p - 762. List the prime factors of p.
11, 67
List the prime factors of (-30608)/(-6) - 103/309.
5101
Let z = -123 - -127. List the prime factors of z/(-14) + ((-527)/(-7) - -5).
2, 5
Let k = 22658 - 7500. What are the prime factors of k?
2, 11, 13, 53
Let s = 30 - 27. Suppose 0 = -y + s*z + 323, 2*y - 571 = -5*z + 31. What are the prime factors of y?
311
Let x(p) = -5*p + 38. Let y be x(9). Let a(d) = 4*d**2 + 4*d - 29. What are the prime factors of a(y)?
139
What are the prime factors of (-7)/((-21)/(-13953))*-1 + -6?
5, 929
Let l be 3/(828/272 - 1 - 2). Let t(n) = 0*n - n**2 - l*n**3 - 2*n + 83 - 84. What are the prime factors of t(-1)?
2, 17
Let h be (-34875)/36 - 6/(-8). What are the prime factors of (-60)/(-20) + (-1 - h)?
2, 5, 97
Let q be (7 - (-4)/(-1))/1. Suppose q*x + a = -a + 13, -x = -3*a - 19. What are the prime factors of (10/6 - 2)/(x/(-1827))?
3, 29
List the prime factors of -1 + 5 - 4 - (-14869 + 8).
7, 11, 193
Suppose 0 = 41*f - 89 - 34. Suppose 5*z - f*q - 6710 = 0, 2*z - 1852 = -q + 843. What are the prime factors of z?
5, 269
Let q(c) = 23*c**3 - 83*c**2 - 32*c + 8. List the prime factors of q(10).
2, 3, 11, 109
Let y(l) = -253*l**3 + 12*l**2 + 8*l + 7. What are the prime factors of y(-3)?
2, 3461
Let y = -6 - 8. Let t be (12/y)/(1/(-14)). What are the prime factors of (2/t - 115/(-30)) + 140?
2, 3
Let h(l) = l**2 - l + 4. Let q be h(3). Let b(o) = o - 8. Let x be b(q). Suppose 198 + 275 = 5*c - a, -200 = -x*c - 5*a. What are the prime factors of c?
5, 19
Suppose 3*a = 2*d, 0*a - a = -d. Suppose -5*l + 436 + 109 = d. What are the prime factors of l - (22/99 - (-50)/18)?
2, 53
Suppose 53*g + 35 = 60*g. Suppose -28*y = -t - 23*y + 718, -g*y + 1421 = 2*t. List the prime factors of t.
23, 31
Suppose 2*a - j + 123 = 5*a, 5*j = -4*a + 164. Let g be 1 + 0 + 1 - -1. Suppose 142 = g*w - a. List the prime factors of w.
61
Suppose -7 = -7*w - 0. Let d be (-970)/(-11) + (168/44 - 4). Let v = d - w. List the prime facto